{"id":417,"date":"2023-11-28T09:18:22","date_gmt":"2023-11-28T08:18:22","guid":{"rendered":"https:\/\/gjmaths.fr\/?page_id=417"},"modified":"2024-01-22T12:16:58","modified_gmt":"2024-01-22T11:16:58","slug":"liens","status":"publish","type":"page","link":"https:\/\/gjmaths.fr\/index.php\/liens\/","title":{"rendered":"Liens"},"content":{"rendered":"\n<p>Voici pour m\u00e9moire quelques liens qu&rsquo;un candidat CAPES se doit de conna\u00eetre. Quelques-uns sont \u00e0 visiter r\u00e9guli\u00e8rement :<\/p>\n\n\n\n<h4 class=\"wp-block-heading\">Sites institutionnels<\/h4>\n\n\n\n<ul class=\"wp-block-list\">\n<li><a href=\"http:\/\/capes-math.org\/\">Le site du Jury du CAPES<\/a> <\/li>\n\n\n\n<li><a href=\"http:\/\/www.education.gouv.fr\/pid63\/siac2.html\">SIAC2<\/a>. Syst\u00e8me d&rsquo;information et d&rsquo;aide aux concours du second degr\u00e9.<\/li>\n\n\n\n<li><a href=\"http:\/\/eduscol.education.fr\/D0015\/LLPHPR01.htm\">Eduscol<\/a>. Tout savoir sur les programmes en vigueur.<\/li>\n\n\n\n<li><a href=\"http:\/\/www.cndp.fr\/secondaire\/mathematiques\/\">CNDP<\/a>. Page \u00ab\u00a0math\u00e9matiques\u00a0\u00bb du site du Centre National de Documentation P\u00e9dagogique..<\/li>\n<\/ul>\n\n\n\n<h4 class=\"wp-block-heading\">Sites non institutionnels<\/h4>\n\n\n\n<ul class=\"wp-block-list\">\n<li><a href=\"https:\/\/www.facebook.com\/avantimegamaths\/\">M\u00e9gamaths<\/a>. Page facebook de Dany-Jack MERCIER, lieu strat\u00e9gique et carrefour incontournable des internautes candidats au CAPES. Il s&rsquo;agit l\u00e0 d&rsquo;une plateforme de r\u00e9f\u00e9rence \u00e0 consulter r\u00e9guli\u00e8rement.<br>On peut consulter alternativement le blog <a href=\"http:\/\/megamaths.1free-host.com\/\">M\u00e9gamaths classic <\/a>.<\/li>\n\n\n\n<li><a href=\"https:\/\/www.math.u-psud.fr\/~perrin\/CAPES.html\">Le site de Daniel Perrin<\/a>. Site d&rsquo;excellence proposant une longue liste de documents consacr\u00e9s au CAPES de Math\u00e9matiques.<\/li>\n\n\n\n<li><a href=\"https:\/\/www.freemaths.fr\/annales-bac-mathematiques-terminales-s\">Freemaths<\/a>. Site proposant de nombreux exercices class\u00e9s par th\u00e8mes. On y trouve aussi des sujets d&rsquo;annales et des compl\u00e9ments de cours. J&rsquo;y interviens ponctuellement en tant qu&rsquo;auteur de certains corrig\u00e9s, d&rsquo;olympiades notamment. Certaines corrections d&rsquo;exercices de Premi\u00e8re et de Terminale doivent cependant \u00eatres v\u00e9rifi\u00e9es et contr\u00f4l\u00e9es, elles ne sont pas toutes fiables.<\/li>\n\n\n\n<li><a href=\"http:\/\/cbmaths.fr\/\">Le site de Cl\u00e9ment BOULONNE<\/a>. Site proposant, entre autres rubriques, des documents de pr\u00e9paration au CAPES de math\u00e9matiques. On y trouve des mod\u00e8les de le\u00e7ons d&rsquo;oral 1.<\/li>\n<\/ul>\n\n\n\n<h4 class=\"wp-block-heading\">Lien vers la librairie \u00ab\u00a0Autrement\u00a0\u00bb, o\u00f9 l&rsquo;ouvrage REDCM est encore disponible :<\/h4>\n\n\n\n<div class=\"wp-block-columns is-layout-flex wp-container-core-columns-is-layout-9d6595d7 wp-block-columns-is-layout-flex\">\n<div class=\"wp-block-column is-layout-flow wp-block-column-is-layout-flow\">\n<p>\u00ab\u00a0REDCM\u00a0\u00bb ou \u00ab\u00a0R\u00e9ussir l&rsquo;\u00e9preuve sur dossier\u00a0\u00bb est un ouvrage dont je suis l&rsquo;auteur paru en 2008. Son objectif \u00e9tait la pr\u00e9paration \u00e0 \u00ab\u00a0l&rsquo;Oral 2\u00a0\u00bb du CAPES de l&rsquo;\u00e9poque. On peut y trouver une m\u00e9thodologie g\u00e9n\u00e9rale concernant le chois d&rsquo;exercices de Math\u00e9matiques et leur analyse.<\/p>\n\n\n\n<p><a href=\"https:\/\/www.sa-autrement.com\/ebook\/9782100539888-reussir-l-epreuve-sur-dossier-du-capes-de-mathematiques-gilbert-julia\/\">R\u00e9ussir l&rsquo;\u00e9preuve sur dossier du CAPES de Math\u00e9matiques<\/a>. Disponible en format num\u00e9rique.<\/p>\n\n\n\n<p>On peut  trouver cet ouvrage en format num\u00e9rique aussi sur le site \u00ab\u00a0leslibraires\u00a0\u00bb &#8230;<\/p>\n<\/div>\n\n\n\n<div class=\"wp-block-column is-layout-flow wp-block-column-is-layout-flow\">\n<figure class=\"wp-block-image size-full\"><img decoding=\"async\" src=\"https:\/\/gjmaths.fr\/wp-content\/uploads\/2023\/11\/redcmim.jpg\" alt=\"\" class=\"wp-image-421\"\/><\/figure>\n<\/div>\n<\/div>\n\n\n\n<p><a href=\"https:\/\/www.sa-autrement.com\/ebook\/9782100539888-reussir-l-epreuve-sur-dossier-du-capes-de-mathematiques-gilbert-julia\/\">R\u00e9ussir l&rsquo;\u00e9preuve sur dossier du CAPES de Math\u00e9matiques<\/a>. Disponible en format num\u00e9rique.<\/p>\n\n\n\n<p>On peut  trouver cet ouvrage en format num\u00e9rique aussi sur le site \u00ab\u00a0leslibraires\u00a0\u00bb &#8230;<\/p>\n","protected":false},"excerpt":{"rendered":"<p>Voici pour m\u00e9moire quelques liens qu&rsquo;un candidat CAPES se doit de conna\u00eetre. Quelques-uns sont \u00e0 visiter r\u00e9guli\u00e8rement : Sites institutionnels Sites non institutionnels Lien vers la librairie \u00ab\u00a0Autrement\u00a0\u00bb, o\u00f9 l&rsquo;ouvrage REDCM est encore disponible : \u00ab\u00a0REDCM\u00a0\u00bb ou \u00ab\u00a0R\u00e9ussir l&rsquo;\u00e9preuve sur dossier\u00a0\u00bb est un ouvrage dont je suis l&rsquo;auteur paru en 2008. Son objectif \u00e9tait la [&hellip;]<\/p>\n","protected":false},"author":1,"featured_media":0,"parent":0,"menu_order":0,"comment_status":"closed","ping_status":"closed","template":"","meta":{"ocean_post_layout":"","ocean_both_sidebars_style":"","ocean_both_sidebars_content_width":0,"ocean_both_sidebars_sidebars_width":0,"ocean_sidebar":"","ocean_second_sidebar":"","ocean_disable_margins":"enable","ocean_add_body_class":"","ocean_shortcode_before_top_bar":"","ocean_shortcode_after_top_bar":"","ocean_shortcode_before_header":"","ocean_shortcode_after_header":"","ocean_has_shortcode":"","ocean_shortcode_after_title":"","ocean_shortcode_before_footer_widgets":"","ocean_shortcode_after_footer_widgets":"","ocean_shortcode_before_footer_bottom":"","ocean_shortcode_after_footer_bottom":"","ocean_display_top_bar":"default","ocean_display_header":"default","ocean_header_style":"","ocean_center_header_left_menu":"","ocean_custom_header_template":"","ocean_custom_logo":0,"ocean_custom_retina_logo":0,"ocean_custom_logo_max_width":0,"ocean_custom_logo_tablet_max_width":0,"ocean_custom_logo_mobile_max_width":0,"ocean_custom_logo_max_height":0,"ocean_custom_logo_tablet_max_height":0,"ocean_custom_logo_mobile_max_height":0,"ocean_header_custom_menu":"","ocean_menu_typo_font_family":"","ocean_menu_typo_font_subset":"","ocean_menu_typo_font_size":0,"ocean_menu_typo_font_size_tablet":0,"ocean_menu_typo_font_size_mobile":0,"ocean_menu_typo_font_size_unit":"px","ocean_menu_typo_font_weight":"","ocean_menu_typo_font_weight_tablet":"","ocean_menu_typo_font_weight_mobile":"","ocean_menu_typo_transform":"","ocean_menu_typo_transform_tablet":"","ocean_menu_typo_transform_mobile":"","ocean_menu_typo_line_height":0,"ocean_menu_typo_line_height_tablet":0,"ocean_menu_typo_line_height_mobile":0,"ocean_menu_typo_line_height_unit":"","ocean_menu_typo_spacing":0,"ocean_menu_typo_spacing_tablet":0,"ocean_menu_typo_spacing_mobile":0,"ocean_menu_typo_spacing_unit":"","ocean_menu_link_color":"","ocean_menu_link_color_hover":"","ocean_menu_link_color_active":"","ocean_menu_link_background":"","ocean_menu_link_hover_background":"","ocean_menu_link_active_background":"","ocean_menu_social_links_bg":"","ocean_menu_social_hover_links_bg":"","ocean_menu_social_links_color":"","ocean_menu_social_hover_links_color":"","ocean_disable_title":"default","ocean_disable_heading":"default","ocean_post_title":"","ocean_post_subheading":"","ocean_post_title_style":"","ocean_post_title_background_color":"","ocean_post_title_background":0,"ocean_post_title_bg_image_position":"","ocean_post_title_bg_image_attachment":"","ocean_post_title_bg_image_repeat":"","ocean_post_title_bg_image_size":"","ocean_post_title_height":0,"ocean_post_title_bg_overlay":0.5,"ocean_post_title_bg_overlay_color":"","ocean_disable_breadcrumbs":"default","ocean_breadcrumbs_color":"","ocean_breadcrumbs_separator_color":"","ocean_breadcrumbs_links_color":"","ocean_breadcrumbs_links_hover_color":"","ocean_display_footer_widgets":"default","ocean_display_footer_bottom":"default","ocean_custom_footer_template":"","footnotes":""},"class_list":["post-417","page","type-page","status-publish","hentry","entry"],"_links":{"self":[{"href":"https:\/\/gjmaths.fr\/index.php\/wp-json\/wp\/v2\/pages\/417","targetHints":{"allow":["GET"]}}],"collection":[{"href":"https:\/\/gjmaths.fr\/index.php\/wp-json\/wp\/v2\/pages"}],"about":[{"href":"https:\/\/gjmaths.fr\/index.php\/wp-json\/wp\/v2\/types\/page"}],"author":[{"embeddable":true,"href":"https:\/\/gjmaths.fr\/index.php\/wp-json\/wp\/v2\/users\/1"}],"replies":[{"embeddable":true,"href":"https:\/\/gjmaths.fr\/index.php\/wp-json\/wp\/v2\/comments?post=417"}],"version-history":[{"count":4,"href":"https:\/\/gjmaths.fr\/index.php\/wp-json\/wp\/v2\/pages\/417\/revisions"}],"predecessor-version":[{"id":506,"href":"https:\/\/gjmaths.fr\/index.php\/wp-json\/wp\/v2\/pages\/417\/revisions\/506"}],"wp:attachment":[{"href":"https:\/\/gjmaths.fr\/index.php\/wp-json\/wp\/v2\/media?parent=417"}],"curies":[{"name":"wp","href":"https:\/\/api.w.org\/{rel}","templated":true}]}}