{"id":348,"date":"2023-11-26T18:34:32","date_gmt":"2023-11-26T17:34:32","guid":{"rendered":"https:\/\/gjmaths.fr\/?page_id=348"},"modified":"2026-01-04T07:59:35","modified_gmt":"2026-01-04T06:59:35","slug":"concours-general","status":"publish","type":"page","link":"https:\/\/gjmaths.fr\/index.php\/concours-general\/","title":{"rendered":"Concours G\u00e9n\u00e9ral"},"content":{"rendered":"\n<p>Le Concours G\u00e9n\u00e9ral de Math\u00e9matiques des Lyc\u00e9es est destin\u00e9 aux \u00e9l\u00e8ves des classes de Terminale voie scientifique. Les sujets propos\u00e9s, d&rsquo;un niveau incomparablement sup\u00e9rieur au niveau d&rsquo;un sujet de CAPES, suscitent toujours curiosit\u00e9 et int\u00e9r\u00eat. Que leurs auteurs en soient ici remerci\u00e9s. Le public vis\u00e9 par cette page est d&rsquo;une part les quelques 3000 lyc\u00e9ens qui, bon an mal an, se pr\u00e9sentent \u00e0 ce concours et d&rsquo;autre part les \u00e9tudiants des classes Pr\u00e9pa qui peuvent y trouver l&rsquo;ambiance de certaines \u00e9preuves de \u00ab\u00a0Concours d&rsquo;Entr\u00e9e\u00a0\u00bb. <\/p>\n\n\n\n<h2 class=\"wp-block-heading\">Concours g\u00e9n\u00e9raux  2019 \u00e0 2024<\/h2>\n\n\n\n<p>Des corrig\u00e9s de ces Concours G\u00e9n\u00e9raux, dont je suis l&rsquo;auteur, sont maintenant tous publi\u00e9s sur le<a href=\"https:\/\/www.freemaths.fr\/annales-composition-mathematiques-concours-general\/serie-s\"> <strong>site freemaths<\/strong><\/a><strong>.<\/strong> Ils sont accessibles dans leur int\u00e9gralit\u00e9 aux futurs candidats au Concours G\u00e9n\u00e9ral, et autres amateurs de beaux probl\u00e8mes, moyennant une modique cotisation.<\/p>\n\n\n\n<h4 class=\"wp-block-heading\">Olympiades de Premi\u00e8re<\/h4>\n\n\n\n<p>Banque d&rsquo;exercices pouvant servir d&rsquo;entra\u00eenement au Concours G\u00e9n\u00e9ral. Le niveau y est moins relev\u00e9, mais ces exercices demandent une certaine dose d&rsquo;initiative. Voir, moyennant une modique cotisation \u00e9galement, de nombreux sujets et des corrig\u00e9s d\u00e9taill\u00e9s dont je suis l&rsquo;auteur sur le <a href=\"https:\/\/www.freemaths.fr\/annales-olympiades-mathematiques-premieres-scientifiques-s\">site freemath<\/a>s.<\/p>\n\n\n\n<h4 class=\"wp-block-heading\">Concours G\u00e9n\u00e9ral marocain 2025<\/h4>\n\n\n\n<p>Le probl\u00e8me principal de ce concours porte sur la notion de \u00ab\u00a0fonction absolument continue\u00a0\u00bb. Beaucoup de notions utiles pour r\u00e9soudre ce probl\u00e8me sont en dehors du programme fran\u00e7ais de la classe de Terminale. Ce sujet ne constitue pas une ressource significative pour la pr\u00e9paration du Concours G\u00e9n\u00e9ral fran\u00e7ais. Il peut int\u00e9resser davantage les \u00e9tudiants des classes pr\u00e9paratoires CPGE. <a href=\"http:\/\/gjmaths.fr\/wp-content\/uploads\/2025\/11\/cg2025_maroc.pdf\">Voici cependant une \u00e9tude de ce probl\u00e8me<\/a>. Le sujet est \u00e0 se procurer sur le web.<\/p>\n\n\n\n<h4 class=\"wp-block-heading\">Concours G\u00e9n\u00e9ral marocain 2024<\/h4>\n\n\n\n<p>Le sujet de ce concours (<a href=\"https:\/\/www.vmaths.fr\/concours-general-de-mathematiques-des-lycees-marocains-2024\/\">disponible ici<\/a>) est constitu\u00e9 de deux tr\u00e8s longs probl\u00e8mes. <a href=\"http:\/\/gjmaths.fr\/wp-content\/uploads\/2025\/01\/cgmaroc2024corrgj.pdf\">Voici une \u00e9tude du probl\u00e8me 2<\/a>. Ce probl\u00e8me aborde de nombreux th\u00e8mes d\u2019arithm\u00e9tique : d\u00e9composition en facteurs premiers, indicatrice d&rsquo;Euler, produit de convolution, j&rsquo;en passe et des meilleurs. Un sujet de \u00ab\u00a0haute intensit\u00e9\u00a0\u00bb qui peut servir d&rsquo;entra\u00eenement pour un \u00ab\u00a0Marathon Math\u00e9matique\u00a0\u00bb, d&rsquo;autant qu&rsquo;il \u00e9voque des types de questions assez r\u00e9currentes au Concours G\u00e9n\u00e9ral.<\/p>\n\n\n\n<p>Tenir compte cependant que le programme de Math\u00e9matiques marocain est sup\u00e9rieur au programme fran\u00e7ais, il peut y avoir des parties du sujet  hors-programme. <\/p>\n\n\n\n<h2 class=\"wp-block-heading\">Concours g\u00e9n\u00e9raux plus anciens<\/h2>\n\n\n\n<h4 class=\"wp-block-heading\">Concours g\u00e9n\u00e9ral 2018<\/h4>\n\n\n\n<ul class=\"wp-block-list\">\n<li>Le probl\u00e8me 1 est en effet de niveau nettement moins \u00e9lev\u00e9 que celui des probl\u00e8mes pos\u00e9s dans les sessions ant\u00e9rieures. Ce probl\u00e8me porte sur les polyn\u00f4mes de Bernstein, th\u00e8me tr\u00e8s classique, et sur une application de ces polyn\u00f4mes \u00e0 la construction de courbes de B\u00e9zier de faible degr\u00e9. De ce fait, ce probl\u00e8me convient bien \u00e0 un entra\u00eenement pour le concours du CAPES. Tout candidat devrait pouvoir atteindre un taux de r\u00e9solution d&rsquo;au moins 75 %.<br>En voici <a href=\"http:\/\/gjmaths.fr\/wp-content\/uploads\/2023\/11\/cg2018_01indic.pdf\">une mouture l\u00e9g\u00e8rement modifi\u00e9e<\/a> , agr\u00e9ment\u00e9e de quelques pistes de r\u00e9solution.<br>Et ici <a href=\"http:\/\/gjmaths.fr\/wp-content\/uploads\/2023\/11\/cg2018_01-1.pdf\">un corrig\u00e9 <\/a>plus d\u00e9taill\u00e9.<\/li>\n\n\n\n<li>Le probl\u00e8me 2 consiste \u00e0 pond\u00e9rer, en suivant certaines r\u00e8gles, les sommets d&rsquo;un graphe connexe. La partie B est d&rsquo;un niveau plus soutenu que celui du probl\u00e8me 1.<br>En voici <a href=\"http:\/\/gjmaths.fr\/wp-content\/uploads\/2023\/11\/cg2018s_02indic.pdf\">une mouture l\u00e9g\u00e8rement modifi\u00e9e<\/a> agr\u00e9ment\u00e9e de quelques pistes de r\u00e9solution.<br>Et ici <a href=\"http:\/\/gjmaths.fr\/wp-content\/uploads\/2023\/11\/cg2018s_02.pdf\">un corrig\u00e9<\/a> plus d\u00e9taill\u00e9.<\/li>\n\n\n\n<li>Le probl\u00e8me 3 est \u00e0 la fois \u00e9l\u00e9gant et instructif. Il porte sur une int\u00e9ressante application du nombre d&rsquo;or. Certains r\u00e9els admettent un d\u00e9veloppement suivant des puissances enti\u00e8res relatives du nombre d&rsquo;or. Voici <a href=\"http:\/\/gjmaths.fr\/wp-content\/uploads\/2023\/11\/cg2018s_03indic.pdf\">quelques indications sur ce sujet<\/a>.<br>Et ici <a href=\"http:\/\/gjmaths.fr\/wp-content\/uploads\/2023\/11\/cg2018s_03cor.pdf\">un corrig\u00e9<\/a> plus d\u00e9taill\u00e9.<\/li>\n\n\n\n<li>Quant aux deux probl\u00e8mes du sujet ES, ils constituent l&rsquo;un et l&rsquo;autre un tr\u00e8s bon entra\u00eenement \u00e0 l&rsquo;\u00e9crit du CAPES. On pr\u00e9sume seulement qu&rsquo;ils seraient (un tout petit peu) moins saucissonn\u00e9s en items. Voici <a href=\"http:\/\/gjmaths.fr\/wp-content\/uploads\/2023\/11\/cg2018es_02.pdf\">une mouture l\u00e9g\u00e8rement modifi\u00e9e<\/a> du probl\u00e8me 2, portant sur une famille d&rsquo;\u00e9quations et leurs solutions.<\/li>\n<\/ul>\n\n\n\n<h4 class=\"wp-block-heading\">Concours g\u00e9n\u00e9ral 2017<\/h4>\n\n\n\n<p>En ce qui concerne la s\u00e9rie S :<\/p>\n\n\n\n<ul class=\"wp-block-list\">\n<li>Le premier probl\u00e8me porte sur des ensembles de nombres stables par multiplication et par somme de carr\u00e9s. Voici <a href=\"http:\/\/gjmaths.fr\/wp-content\/uploads\/2023\/11\/cg2017s_01pistes.pdf\">quelques pistes concernant ce probl\u00e8me.<\/a><\/li>\n\n\n\n<li>Le deuxi\u00e8me probl\u00e8me \u00e9tudie un QCM.<br>Voici <a href=\"http:\/\/gjmaths.fr\/wp-content\/uploads\/2023\/11\/cg2017s_02.pdf\">dans ce document<\/a> une variante du probl\u00e8me original. Il est certainement pr\u00e9f\u00e9rable de commencer par aborder le sujet original. Il ne s&rsquo;agit ici que d&rsquo;un \u00e9clairage un peu diff\u00e9rent de la situation pr\u00e9sent\u00e9e.<br>Le troisi\u00e8me probl\u00e8me \u00e9tudie les triangles de l&rsquo;espace dont les sommets sont des points \u00e0 coordonn\u00e9es enti\u00e8res. On pourra le comparer \u00e0 un probl\u00e8me du CAPES 2017 o\u00f9 il question du r\u00e9seau des points entiers.<\/li>\n\n\n\n<li>Voici <a href=\"http:\/\/gjmaths.fr\/wp-content\/uploads\/2023\/11\/cg2017sindic.pdf\">quelques indications<\/a> sur l&rsquo;ensemble du sujet.<br>Vous trouverez i<a href=\"http:\/\/gjmaths.fr\/wp-content\/uploads\/2023\/11\/cg2017escorj.pdf\">ci des \u00e9l\u00e9ments de correction<\/a> sur l&rsquo;ensemble du sujet.<\/li>\n<\/ul>\n\n\n\n<p>Une nouveaut\u00e9 cette ann\u00e9e : un sujet de Math\u00e9matiques destin\u00e9 aux \u00e9l\u00e8ves des s\u00e9ries ES et L.<br>Je ne saurais trop recommander aux candidats au CAPES de traiter la totalit\u00e9 de ce sujet, dont le niveau me para\u00eet taill\u00e9 sur mesure pour une pr\u00e9paration au concours.<br>Trois probl\u00e8mes abordent des th\u00e8mes classiques : fonctions convexes (probl\u00e8me 1), suites de Fibonacci (probl\u00e8me 2) et marche al\u00e9atoire (probl\u00e8me 3).<br><\/p>\n\n\n\n<ul class=\"wp-block-list\">\n<li>Voici <a href=\"http:\/\/gjmaths.fr\/wp-content\/uploads\/2023\/11\/cg2017es_03.pdf\">un document sur le probl\u00e8me 3<\/a>. \u00c9l\u00e9ments de correction, simulation, un prolongement.<\/li>\n\n\n\n<li>Voici <a href=\"http:\/\/gjmaths.fr\/wp-content\/uploads\/2023\/11\/cg2017escorj.pdf\">une synth\u00e8se du sujet ES 2017<\/a>.<\/li>\n<\/ul>\n\n\n\n<h4 class=\"wp-block-heading\">Concours g\u00e9n\u00e9ral 2016<\/h4>\n\n\n\n<p>La session 2016 propose trois probl\u00e8mes, bien entendu tous consistants.<\/p>\n\n\n\n<ul class=\"wp-block-list\">\n<li>Le premier probl\u00e8me porte sur les entiers d\u00e9composables en somme de cubes distincts :  <a href=\"http:\/\/gjmaths.fr\/wp-content\/uploads\/2023\/11\/cg2016_01indic.pdf\">Sommes de cubes<\/a>.<br>Ce document, outre quelques indications, propose quelques programmes auxiliaires r\u00e9alis\u00e9s avec TI-Nspire. Il propose aussi une liste de 288 entiers r\u00e9pondant \u00e0 la question 3.<\/li>\n\n\n\n<li>Le deuxi\u00e8me probl\u00e8me porte sur la densit\u00e9 des for\u00eats. Je d\u00e9die <a href=\"http:\/\/gjmaths.fr\/wp-content\/uploads\/2023\/11\/cg2016_02indic.pdf\">ce document<\/a> \u00e0 tous les agriculteurs de la plaine de Vin\u00e7a, et en particulier \u00e0 Raymond, qui, en \u00e9t\u00e9, m&#8217;employait quand j&rsquo;\u00e9tais adolescent puis \u00e9tudiant, \u00e0 la cueillette des p\u00eaches. Je me souviens des Dixie Red du champ de Cassanyes et des Elberta, plus tardives, du champ du Cam\u00ed de Finestret.<br><\/li>\n\n\n\n<li>Le troisi\u00e8me probl\u00e8me propose une \u00e9tude de marche al\u00e9atoire dans le plan complexe. On pourra se r\u00e9f\u00e9rer \u00e0 son sujet au \u00ab\u00a0th\u00e9or\u00e8me de Polya\u00a0\u00bb sur les marches al\u00e9atoires dans un espace de dimension donn\u00e9e. Voici une <a href=\"http:\/\/gjmaths.fr\/wp-content\/uploads\/2023\/11\/cg2016_03indic.pdf\">contribution succincte<\/a> donnant quelques indications.<\/li>\n<\/ul>\n\n\n\n<h4 class=\"wp-block-heading\">Concours g\u00e9n\u00e9ral 2015<\/h4>\n\n\n\n<p>La session 2015 est au titre de l&rsquo;int\u00e9r\u00eat et de l&rsquo;originalit\u00e9 des sujets un excellent cru (mais pourrait-il en \u00eatre autrement ?)<\/p>\n\n\n\n<ul class=\"wp-block-list\">\n<li>Le premier probl\u00e8me nous invite \u00e0 suivre les pas de Clara et d\u2019Isabelle, deux math\u00e9maticiennes en herbe :  <a href=\"http:\/\/gjmaths.fr\/wp-content\/uploads\/2023\/11\/cg2015_indic.pdf\">\u00ab\u00a0Petits poids\u00a0\u00bb<\/a>.<br>Ce document ouvre quelques pistes de r\u00e9flexion. On y trouvera notamment quelques programmes r\u00e9alis\u00e9s avec TI-Nspire aidant \u00e0 \u00e9cosser les petits poids.<\/li>\n\n\n\n<li>Le deuxi\u00e8me probl\u00e8me porte sur les<a href=\"http:\/\/gjmaths.fr\/wp-content\/uploads\/2023\/11\/cg2015_02.pdf\"> \u00ab\u00a0T\u00e9tra\u00e8dres\u00a0\u00bb<\/a>. Il a \u00e9t\u00e9 incorpor\u00e9 ici \u00e0 un sujet de probl\u00e8me plus vaste, que j&rsquo;avais en r\u00e9serve, portant sur la notion de point de Monge d&rsquo;un t\u00e9tra\u00e8dre.<\/li>\n\n\n\n<li>Le troisi\u00e8me probl\u00e8me, insolite et d\u00e9concertant, est une pure merveille portant sur la notion de <a href=\"http:\/\/gjmaths.fr\/wp-content\/uploads\/2023\/11\/cg2015_02.pdf\">\u00ab\u00a0moyennes pr\u00e9visionnelles\u00a0\u00bb. Ce document <\/a>ouvre quelques pistes de r\u00e9flexion.<\/li>\n\n\n\n<li>Voici une <a href=\"http:\/\/gjmaths.fr\/wp-content\/uploads\/2023\/11\/cg2015correctiongj.pdf\">synth\u00e8se des trois probl\u00e8mes<\/a> pr\u00e9sentant des \u00e9l\u00e9ments de correction des trois probl\u00e8mes dans un seul et m\u00eame document.<\/li>\n<\/ul>\n\n\n\n<h4 class=\"wp-block-heading\">Th\u00e9or\u00e8me de Beatty, jeu de Wythoff et concours g\u00e9n\u00e9ral 1994<\/h4>\n\n\n\n<ul class=\"wp-block-list\">\n<li><a href=\"http:\/\/gjmaths.fr\/wp-content\/uploads\/2023\/11\/beatty.pdf\">Ce premier probl\u00e8me<\/a> sur les suites de Beatty \u00e9tudie les parties enti\u00e8res des multiples d&rsquo;un r\u00e9el strictement positif.<br>En particulier, les suites de Beatty associ\u00e9es au nombre d&rsquo;or et \u00e0 son carr\u00e9 trouvent une application dans la construction d&rsquo;une strat\u00e9gie gagnante dans un \u00ab\u00a0jeu de Wythoff\u00a0\u00bb.<\/li>\n\n\n\n<li><a href=\"http:\/\/gjmaths.fr\/wp-content\/uploads\/2023\/11\/puisept.pdf\">Ce deuxi\u00e8me probl\u00e8me<\/a>, plus court, d\u00e9veloppe des th\u00e8mes voisins du pr\u00e9c\u00e9dent. La partie A a pour application une d\u00e9marche de r\u00e9solution de l&rsquo;exercice 1 du concours g\u00e9n\u00e9ral 1994 dont le texte constitue la partie B.<\/li>\n<\/ul>\n\n\n\n<h4 class=\"wp-block-heading\">Concours g\u00e9n\u00e9ral 2014<\/h4>\n\n\n\n<ul class=\"wp-block-list\">\n<li>Concours g\u00e9n\u00e9ral 2014, probl\u00e8me 2 : Vite pile. Ce probl\u00e8me revisite une situation \u00ab\u00a0classique\u00a0\u00bb de temps d&rsquo;attente.<br><a href=\"http:\/\/gjmaths.fr\/wp-content\/uploads\/2023\/11\/cgen2014pb2.pdf\">Ce document <\/a>pr\u00e9sente le sujet, des simulations associ\u00e9es \u00e0 la situation et des indications<\/li>\n\n\n\n<li>Concours g\u00e9n\u00e9ral 2014, probl\u00e8me 3 : des chiffres et des lettres.<br>Un probl\u00e8me d&rsquo;arithm\u00e9tique qui mobilise en m\u00eame temps l&rsquo;outil des congruences, des notions de num\u00e9ration et des notions de divisibilit\u00e9.<br><a href=\"http:\/\/gjmaths.fr\/wp-content\/uploads\/2023\/11\/cgen2014pb3.pdf\">Ce document<\/a> pr\u00e9sente le sujet, des indications et des \u00e9l\u00e9ments de correction<\/li>\n\n\n\n<li>Voici <a href=\"http:\/\/gjmaths.fr\/wp-content\/uploads\/2023\/11\/cg2014correcj.pdf\">une synth\u00e8se des trois probl\u00e8mes<\/a> dans un m\u00eame document.<\/li>\n<\/ul>\n\n\n\n<h4 class=\"wp-block-heading\">Concours g\u00e9n\u00e9ral 2013<\/h4>\n\n\n\n<ul class=\"wp-block-list\">\n<li>Concours g\u00e9n\u00e9ral 2013, probl\u00e8me 3 : le mythe de Sisyphe.<br>L\u2019auteur de ce sujet a su bousculer avec brio les conventions habituelles d\u2019un probl\u00e8me de probabilit\u00e9s \u2026<br>Sisyphe avait \u00e9t\u00e9 condamn\u00e9 par Zeus \u00e0 remonter ind\u00e9finiment un rocher en haut d\u2019une montagne. Ce rocher retombait invariablement au bas de la pente, ce qui obligeait Sisyphe \u00e0 recommencer encore et encore \u00e0 rouler son rocher.<br>Le choix de \u00ab Sisyphe \u00bb comme pr\u00e9nom du h\u00e9ros du probl\u00e8me n\u2019est pas le fait du hasard &#8230; On d\u00e9couvrira pourquoi en cours de r\u00e9solution.<br><a href=\"http:\/\/gjmaths.fr\/wp-content\/uploads\/2023\/11\/cg2013_pb3sol.pdf\">Quelques \u00e9l\u00e9ments de r\u00e9ponse<\/a> \u00e0 ce probl\u00e8me.<\/li>\n<\/ul>\n\n\n\n<h4 class=\"wp-block-heading\">Concours g\u00e9n\u00e9ral 2012<\/h4>\n\n\n\n<ul class=\"wp-block-list\">\n<li>Programme de d\u00e9composition d&rsquo;un entier en produit de facteurs premiers avec nSpire.<br>Application au probl\u00e8me 1 du Concours G\u00e9n\u00e9ral 2012 : \u00ab\u00a0Les premiers sont en haut, les exposants sont en bas\u00a0\u00bb<br><a href=\"http:\/\/gjmaths.fr\/wp-content\/uploads\/2023\/11\/ccgen2012_pb1.pdf\">Voir ici un document<\/a> proposant une construction de la matrice des facteurs premiers d&rsquo;un entier &gt; 1 avec le logiciel TI-Nspire.<br>Cette matrice est ensuite utilis\u00e9e pour construire avec TI-Nspire la fonction f du probl\u00e8me 1 (probl\u00e8me d&rsquo;arithm\u00e9tique) du Concours G\u00e9n\u00e9ral 2012 et permettre d&rsquo;\u00e9laborer quelques conjectures sur son comportement. La \u00ab\u00a0fonction f\u00a0\u00bb intervertit les facteurs premiers de la d\u00e9composition d&rsquo;un entier et leurs exposants.<\/li>\n\n\n\n<li>Suites majoritairement d\u00e9croissantes : Concours g\u00e9n\u00e9ral 2012, probl\u00e8me 2<br><a href=\"http:\/\/gjmaths.fr\/wp-content\/uploads\/2023\/11\/cg2012_pb02.pdf\">L&rsquo;\u00e9nonc\u00e9 et quelques compl\u00e9ments<\/a> (notamment l&rsquo;\u00e9tude d&rsquo;une suite auxiliaire).<br>La piste de r\u00e9solution propos\u00e9e dans ces compl\u00e9ments am\u00e8ne \u00e0 une d\u00e9monstration par r\u00e9currence un peu insolite &#8230;<\/li>\n\n\n\n<li>\u00ab\u00a0Le facteur sonne toujours une fois (et une seule)\u00a0\u00bb : Concours g\u00e9n\u00e9ral 2012, probl\u00e8me 3. Int\u00e9ressant probl\u00e8me de culture g\u00e9n\u00e9rale. Voici <a href=\"http:\/\/gjmaths.fr\/wp-content\/uploads\/2023\/11\/cg2012_1conjec.pdf\">L&rsquo;\u00e9nonc\u00e9 et des conjectures<\/a> : Ce document propose un travail sur logiciel (fonctions, programmes, simulations) suscitant quelques conjectures \u00e0 propos des principaux r\u00e9sultats du probl\u00e8me.<\/li>\n<\/ul>\n\n\n\n<h4 class=\"wp-block-heading\">Concours g\u00e9n\u00e9ral 2011<\/h4>\n\n\n\n<p>Un probl\u00e8me de maximisation (un rectangle dans un autre).<br>Un probl\u00e8me ayant une certaine parent\u00e9 avec l&rsquo;\u00e9criture d&rsquo;un nombre en base deux.<br>Un probl\u00e8me portant sur les racines n-i\u00e8mes de l&rsquo;unit\u00e9.<br>Voici <a href=\"http:\/\/gjmaths.fr\/wp-content\/uploads\/2023\/11\/cg2011corb.pdf\">un document de synth\u00e8se <\/a>pr\u00e9sentant des \u00e9l\u00e9ments de correction de l&rsquo;ensemble du sujet.<\/p>\n\n\n\n<h4 class=\"wp-block-heading\">Concours g\u00e9n\u00e9ral 2010<\/h4>\n\n\n\n<p>Un scoop : de la vie sur Mars ou des amours en trio.<br>Un int\u00e9ressant probl\u00e8me de probabilit\u00e9s sur des \u00e9preuves \u00e0 deux issues.<br>Silence on bloque. Peut-\u00eatre qu&rsquo;actuellement il s&rsquo;agirait d&rsquo;un probl\u00e8me \u00ab\u00a0avec prise d&rsquo;initiative\u00a0\u00bb (?).<br>Voici <a href=\"http:\/\/gjmaths.fr\/wp-content\/uploads\/2023\/11\/cg2010corj.pdf\">un document de synth\u00e8se<\/a> pr\u00e9sentant des \u00e9l\u00e9ments de correction de l&rsquo;ensemble du sujet.<\/p>\n\n\n\n<h4 class=\"wp-block-heading\">Le boucher sympa (d&rsquo;apr\u00e8s CG 2008)<\/h4>\n\n\n\n<p>C&rsquo;est l&rsquo;histoire d&rsquo;un boucher qui, lors du Concours G\u00e9n\u00e9ral 2008, ne faisait pas payer \u00e0 ses clients les centimes des articles qu&rsquo;il leur vend. Voici <a href=\"http:\/\/gjmaths.fr\/wp-content\/uploads\/2023\/11\/bouchersympa.pdf\">le sujet et son corrig\u00e9<\/a>. Je propose une r\u00e9solution \u00e0 l&rsquo;aide d&rsquo;un algorithme, ce qui en 2008 n&rsquo;\u00e9tait pas encore d&rsquo;actualit\u00e9 ; depuis, il a coul\u00e9 beaucoup d&rsquo;eau sous les ponts.<\/p>\n","protected":false},"excerpt":{"rendered":"<p>Le Concours G\u00e9n\u00e9ral de Math\u00e9matiques des Lyc\u00e9es est destin\u00e9 aux \u00e9l\u00e8ves des classes de Terminale voie scientifique. Les sujets propos\u00e9s, d&rsquo;un niveau incomparablement sup\u00e9rieur au niveau d&rsquo;un sujet de CAPES, suscitent toujours curiosit\u00e9 et int\u00e9r\u00eat. Que leurs auteurs en soient ici remerci\u00e9s. Le public vis\u00e9 par cette page est d&rsquo;une part les quelques 3000 lyc\u00e9ens [&hellip;]<\/p>\n","protected":false},"author":1,"featured_media":0,"parent":0,"menu_order":0,"comment_status":"closed","ping_status":"closed","template":"","meta":{"ocean_post_layout":"","ocean_both_sidebars_style":"","ocean_both_sidebars_content_width":0,"ocean_both_sidebars_sidebars_width":0,"ocean_sidebar":"","ocean_second_sidebar":"","ocean_disable_margins":"enable","ocean_add_body_class":"","ocean_shortcode_before_top_bar":"","ocean_shortcode_after_top_bar":"","ocean_shortcode_before_header":"","ocean_shortcode_after_header":"","ocean_has_shortcode":"","ocean_shortcode_after_title":"","ocean_shortcode_before_footer_widgets":"","ocean_shortcode_after_footer_widgets":"","ocean_shortcode_before_footer_bottom":"","ocean_shortcode_after_footer_bottom":"","ocean_display_top_bar":"default","ocean_display_header":"default","ocean_header_style":"","ocean_center_header_left_menu":"","ocean_custom_header_template":"","ocean_custom_logo":0,"ocean_custom_retina_logo":0,"ocean_custom_logo_max_width":0,"ocean_custom_logo_tablet_max_width":0,"ocean_custom_logo_mobile_max_width":0,"ocean_custom_logo_max_height":0,"ocean_custom_logo_tablet_max_height":0,"ocean_custom_logo_mobile_max_height":0,"ocean_header_custom_menu":"","ocean_menu_typo_font_family":"","ocean_menu_typo_font_subset":"","ocean_menu_typo_font_size":0,"ocean_menu_typo_font_size_tablet":0,"ocean_menu_typo_font_size_mobile":0,"ocean_menu_typo_font_size_unit":"px","ocean_menu_typo_font_weight":"","ocean_menu_typo_font_weight_tablet":"","ocean_menu_typo_font_weight_mobile":"","ocean_menu_typo_transform":"","ocean_menu_typo_transform_tablet":"","ocean_menu_typo_transform_mobile":"","ocean_menu_typo_line_height":0,"ocean_menu_typo_line_height_tablet":0,"ocean_menu_typo_line_height_mobile":0,"ocean_menu_typo_line_height_unit":"","ocean_menu_typo_spacing":0,"ocean_menu_typo_spacing_tablet":0,"ocean_menu_typo_spacing_mobile":0,"ocean_menu_typo_spacing_unit":"","ocean_menu_link_color":"","ocean_menu_link_color_hover":"","ocean_menu_link_color_active":"","ocean_menu_link_background":"","ocean_menu_link_hover_background":"","ocean_menu_link_active_background":"","ocean_menu_social_links_bg":"","ocean_menu_social_hover_links_bg":"","ocean_menu_social_links_color":"","ocean_menu_social_hover_links_color":"","ocean_disable_title":"default","ocean_disable_heading":"default","ocean_post_title":"","ocean_post_subheading":"","ocean_post_title_style":"","ocean_post_title_background_color":"","ocean_post_title_background":0,"ocean_post_title_bg_image_position":"","ocean_post_title_bg_image_attachment":"","ocean_post_title_bg_image_repeat":"","ocean_post_title_bg_image_size":"","ocean_post_title_height":0,"ocean_post_title_bg_overlay":0.5,"ocean_post_title_bg_overlay_color":"","ocean_disable_breadcrumbs":"default","ocean_breadcrumbs_color":"","ocean_breadcrumbs_separator_color":"","ocean_breadcrumbs_links_color":"","ocean_breadcrumbs_links_hover_color":"","ocean_display_footer_widgets":"default","ocean_display_footer_bottom":"default","ocean_custom_footer_template":"","footnotes":""},"class_list":["post-348","page","type-page","status-publish","hentry","entry"],"_links":{"self":[{"href":"https:\/\/gjmaths.fr\/index.php\/wp-json\/wp\/v2\/pages\/348","targetHints":{"allow":["GET"]}}],"collection":[{"href":"https:\/\/gjmaths.fr\/index.php\/wp-json\/wp\/v2\/pages"}],"about":[{"href":"https:\/\/gjmaths.fr\/index.php\/wp-json\/wp\/v2\/types\/page"}],"author":[{"embeddable":true,"href":"https:\/\/gjmaths.fr\/index.php\/wp-json\/wp\/v2\/users\/1"}],"replies":[{"embeddable":true,"href":"https:\/\/gjmaths.fr\/index.php\/wp-json\/wp\/v2\/comments?post=348"}],"version-history":[{"count":26,"href":"https:\/\/gjmaths.fr\/index.php\/wp-json\/wp\/v2\/pages\/348\/revisions"}],"predecessor-version":[{"id":747,"href":"https:\/\/gjmaths.fr\/index.php\/wp-json\/wp\/v2\/pages\/348\/revisions\/747"}],"wp:attachment":[{"href":"https:\/\/gjmaths.fr\/index.php\/wp-json\/wp\/v2\/media?parent=348"}],"curies":[{"name":"wp","href":"https:\/\/api.w.org\/{rel}","templated":true}]}}